 divide 8134290?
True
Does 198 divide 70356?
False
Is 18 a factor of 590292?
True
Is 90 a factor of 21960?
True
Does 64 divide 72384?
True
Is 4 a factor of 217896?
True
Is 804874 a multiple of 350?
False
Does 169 divide 3541057?
True
Is 52934 a multiple of 14?
True
Is 1070 a factor of 4353041?
False
Is 16 a factor of 60682?
False
Is 8592465 a multiple of 1387?
True
Is 8233573 a multiple of 116?
False
Is 65740 a multiple of 38?
True
Does 32 divide 88681?
False
Is 9729179 a multiple of 318?
False
Does 40 divide 199840?
True
Does 51 divide 183576?
False
Is 4 a factor of 26255?
False
Is 21 a factor of 905478?
True
Does 20 divide 64783?
False
Does 127 divide 640207?
True
Is 105012 a multiple of 223?
False
Does 85 divide 16687035?
False
Does 50 divide 1070454?
False
Is 9 a factor of 4809150?
True
Is 135 a factor of 22734059?
False
Is 236 a factor of 2102707?
False
Does 10 divide 1460?
True
Is 47 a factor of 1290244?
True
Is 550 a factor of 19800?
True
Is 18 a factor of 21054060?
True
Does 27 divide 1003693?
False
Does 44 divide 5611745?
False
Is 122 a factor of 174460?
True
Is 1606688 a multiple of 736?
True
Is 521 a factor of 5928459?
True
Is 428769 a multiple of 61?
True
Does 26 divide 230750?
True
Is 26 a factor of 169988?
True
Does 15 divide 187710?
True
Is 1775169 a multiple of 3?
True
Does 128 divide 34336256?
True
Is 21 a factor of 819000?
True
Is 43678505 a multiple of 13?
True
Is 18 a factor of 632304?
True
Is 705 a factor of 3281238?
False
Is 246 a factor of 80946?
False
Is 463 a factor of 15941090?
True
Does 11 divide 4233504?
True
Does 110 divide 3635987?
False
Is 15 a factor of 947670?
True
Does 25 divide 231418?
False
Does 9 divide 332509?
False
Is 24 a factor of 40488?
True
Is 1150500 a multiple of 300?
True
Is 58 a factor of 4602416?
True
Does 36 divide 3373200?
True
Does 130 divide 1017696?
False
Is 238488 a multiple of 114?
True
Is 10160573 a multiple of 242?
False
Does 17 divide 547854?
False
Does 138 divide 4408410?
True
Is 254 a factor of 46228?
True
Does 42 divide 274710?
False
Is 775 a factor of 1796450?
True
Is 170020 a multiple of 20?
True
Is 749595 a multiple of 231?
True
Does 18 divide 46827?
False
Is 230065 a multiple of 55?
True
Is 93380 a multiple of 10?
True
Is 23 a factor of 496212?
False
Does 48 divide 102796?
False
Is 480754 a multiple of 12?
False
Is 194256 a multiple of 456?
True
Does 117 divide 237169?
False
Is 8 a factor of 77584?
True
Is 48 a factor of 3389?
False
Is 685230 a multiple of 273?
True
Is 16 a factor of 1221546?
False
Does 1046 divide 290788?
True
Is 6113847 a multiple of 28?
False
Does 4 divide 3008?
True
Does 41 divide 401233?
False
Is 135429 a multiple of 4?
False
Is 557 a factor of 887100?
False
Does 4 divide 7252?
True
Does 8 divide 486264?
True
Does 292 divide 132276?
True
Is 31 a factor of 144254?
False
Is 275 a factor of 291500?
True
Does 7 divide 4256?
True
Is 567595 a multiple of 56?
False
Is 27430 a multiple of 26?
True
Is 48279662 a multiple of 15?
False
Is 205 a factor of 416355?
True
Is 62 a factor of 29264?
True
Does 82 divide 1856316?
True
Is 2458548 a multiple of 36?
True
Is 30166835 a multiple of 16?
False
Is 292 a factor of 894428?
False
Does 14 divide 22381954?
True
Is 466830 a multiple of 91?
True
Does 13 divide 155194?
True
Is 659363 a multiple of 280?
False
Is 22 a factor of 1912790?
True
Does 146 divide 3930151?
False
Is 150 a factor of 2492621?
False
Does 60 divide 1276020?
True
Is 15 a factor of 74447?
False
Is 32810 a multiple of 12?
False
Is 25189893 a multiple of 1537?
True
Is 39 a factor of 1166997?
True
Is 10690394 a multiple of 170?
False
Is 11 a factor of 2250177?
False
Is 6 a factor of 307992?
True
Does 305 divide 351360?
True
Does 256 divide 643820?
False
Is 247294 a multiple of 122?
True
Is 25 a factor of 6257975?
True
Is 163 a factor of 2481349?
True
Is 1835522 a multiple of 227?
True
Is 4777845 a multiple of 844?
False
Is 21 a factor of 678447?
True
Does 9 divide 107766?
True
Does 3 divide 43110?
True
Is 597672 a multiple of 4?
True
Is 7491 a multiple of 11?
True
Does 197 divide 218276?
True
Is 785574 a multiple of 114?
True
Is 233009 a multiple of 17?
False
Is 153 a factor of 203490?
True
Is 100 a factor of 444000?
True
Is 20071958 a multiple of 13?
False
Does 904 divide 503528?
True
Is 5013306 a multiple of 263?
True
Is 2357 even?
False
Does 185 divide 1089805?
False
Does 252 divide 5270580?
True
Is 91 a factor of 346255?
True
Is 298336 a multiple of 32?
True
Is 1090 a factor of 1613200?
True
Is 2375352 a multiple of 42?
True
Is 826281 a multiple of 168?
False
Is 48 a factor of 496094?
False
Is 168 a factor of 1517880?
True
Is 20 a factor of 634072?
False
Does 520 divide 1344720?
True
Is 467835 a multiple of 54?
False
Is 39225 a multiple of 9?
False
Is 12 a factor of 240336?
True
Is 1076262 a multiple of 33?
True
Does 9 divide 13053852?
True
Is 7560 a multiple of 18?
True
Is 237 a factor of 259278?
True
Is 5019024 a multiple of 1488?
True
Is 55 a factor of 3026925?
True
Is 18612360 a multiple of 26?
True
Does 24 divide 12415608?
True
Is 13 a factor of 193748?
False
Does 33 divide 766095?
True
Is 425 a factor of 2458152?
False
Is 247 a factor of 4128605?
True
Does 129 divide 2219156?
False
Is 30 a factor of 200910?
True
Does 72 divide 44399?
False
Does 675 divide 1987200?
True
Is 284 a factor of 185452?
True
Is 224053 a multiple of 15?
False
Does 312 divide 445935?
False
Is 181 a factor of 1382297?
True
Does 453 divide 1434651?
True
Is 256732 a multiple of 52?
False
Does 8 divide 175744?
True
Is 73 a factor of 102078?
False
Does 61 divide 84309?
False
Is 264 a factor of 184008?
True
Is 296791 a multiple of 6?
False
Does 554 divide 11503810?
True
Is 92782 a multiple of 23?
True
Is 95 a factor of 82741?
False
Does 15 divide 63345?
True
Is 52464 a multiple of 6?
True
Is 1177 a factor of 3510991?
True
Is 10799663 a multiple of 469?
True
Is 1215088 a multiple of 19?
True
Is 985213 a multiple of 49?
False
Does 262 divide 145806?
False
Does 292 divide 762120?
True
Is 85 a factor of 1939700?
True
Is 6354673 a multiple of 180?
False
Is 59719 a multiple of 49?
False
Does 41 divide 11270244?
True
Is 8500074 a multiple of 58?
True
Is 803 a factor of 6244128?
True
Does 14 divide 1161404?
False
Is 313 a factor of 209981?
False
Is 300022 a multiple of 42?
False
Is 2172799 a multiple of 10?
False
Does 66 divide 84480?
True
Is 87 a factor of 219859?
False
Is 69584 even?
True
Is 702833 a multiple of 53?
True
Is 375 a factor of 43125?
True
Is 279412 a multiple of 119?
True
Does 47 divide 9930?
False
Does 12 divide 628728?
True
Is 665 a factor of 1712383?
False
Is 110 a factor of 21340?
True
Is 473048 a multiple of 29?
True
Does 30 divide 7547?
False
Is 222030 a multiple of 280?
False
Does 143 divide 6315166?
True
Does 10 divide 319592?
False
Is 2 a factor of 1639972?
True
Is 4 a factor of 435956?
True
Is 190541 a multiple of 94?
False
Is 8 a factor of 807832?
True
Is 15 a factor of 190710?
True
Is 384103 a multiple of 59?
False
Is 13005 a multiple of 85?
True
Is 13 a factor of 119340?
True
Is 1097100 a multiple of 21?
False
Is 390108 a multiple of 228?
True
Does 46 divide 26699?
False
Is 32 a factor of 124544?
True
Is 70 a factor of 13889?
False
Does 60 divide 930512?
False
Is 8 a factor of 9450?
False
Is 31 a factor of 8656?
False
Is 46 a factor of 210910?
True
Is 1127411 a multiple of 269?
False
Does 33 divide 136093?
False
Does 571 divide 6612751?
True
Does 51 divide 366425?
False
Does 10 divide 8270?
True
Is 104 a factor of 2053458?
False
Does 27 divide 12643614?
True
Is 216371 a multiple of 135?
False
Does 9 divide 256491?
True
Does 94 divide 4034386?
True
Is 7958 a multiple of 23?
True
Is 88 a factor of 93192?
True
Does 47 divide 47752?
True
Is 88210 a multiple of 309?
False
Does 125 divide 4224126?
False
Is 204871 a multiple of 13?
False
Does 345 divide 112815?
True
Does 33 divide 377586?
True
Is 878074 a multiple of 178?
True
Is 2431110 a multiple of 278?
True
Is 1698070 a multiple of 11?
True
Is 1620848 a multiple of 404?
True
Is 3675039 a multiple of 108?
False
Is 171 a factor of 102542?
False
Is 10 a factor of 40310?
True
Does 18 divide 338778?
True
Does 150 divide 163050?
True
Is 57 a factor of 415223?
False
Is 81 a factor of 328617?
True
Does 33 divide 16444?
Fa